rt -102323 (base 8) to base 12.
-17817
What is -13395 (base 10) in base 2?
-11010001010011
Convert -135131 (base 6) to base 9.
-18501
-11020110 (base 3) to base 12
-1956
-1210 (base 4) to base 11
-91
12020011 (base 3) to base 6
25351
What is -20232 (base 4) in base 8?
-1056
Convert 1061 (base 11) to base 16.
576
What is -f3a (base 16) in base 15?
-124d
Convert -14734 (base 11) to base 5.
-1131344
Convert -15a69 (base 12) to base 9.
-46340
Convert 112012 (base 4) to base 2.
10110000110
Convert -111010110 (base 3) to base 4.
-2111202
Convert -3 (base 8) to base 7.
-3
13211 (base 4) to base 15
225
Convert -623 (base 9) to base 12.
-363
Convert -97c (base 16) to base 8.
-4574
-301 (base 8) to base 6
-521
What is 436b (base 14) in base 8?
26613
Convert -15986 (base 10) to base 11.
-11013
Convert -112102 (base 3) to base 12.
-285
What is -1085 (base 9) in base 15?
-38b
-12311 (base 7) to base 5
-100432
Convert -474 (base 16) to base 7.
-3216
What is 130023 (base 4) in base 12?
1063
What is 426 (base 9) in base 8?
534
What is 417 (base 12) in base 9?
731
Convert 2422 (base 5) to base 10.
362
What is 73a5 (base 11) in base 13?
45c6
Convert -30330 (base 4) to base 11.
-693
Convert 22d (base 15) to base 2.
111101101
What is 3b8 (base 13) in base 2?
1010010010
What is a2b (base 12) in base 15?
685
Convert 22200 (base 8) to base 10.
9344
-b0 (base 13) to base 10
-143
What is -101021102 (base 3) in base 9?
-11242
Convert -110111100000 (base 2) to base 13.
-1803
What is -521 (base 9) in base 15?
-1d4
What is -126422 (base 7) in base 9?
-35672
What is -2333 (base 4) in base 6?
-515
Convert -16526 (base 11) to base 15.
-6d5a
Convert 40223 (base 6) to base 16.
1497
Convert -226 (base 9) to base 4.
-2322
767 (base 13) to base 16
4f4
121313 (base 5) to base 12
279b
Convert -14572 (base 11) to base 12.
-bb49
What is -100001011001001 (base 2) in base 4?
-10023021
Convert -55104 (base 6) to base 5.
-220400
Convert -2031111 (base 4) to base 12.
-5299
Convert 6311 (base 7) to base 12.
1345
Convert -a20 (base 15) to base 6.
-14320
Convert 1450 (base 12) to base 16.
93c
Convert -400144 (base 5) to base 15.
-3ab9
What is 12606 (base 7) in base 4?
310323
Convert 46364 (base 7) to base 2.
10111001001111
Convert 310021 (base 4) to base 11.
2564
Convert 1a055 (base 12) to base 14.
dc41
What is -867 (base 14) in base 4?
-121323
3142 (base 5) to base 4
12212
-111122 (base 3) to base 6
-1412
Convert 1535 (base 12) to base 13.
1196
What is -433 (base 10) in base 8?
-661
-22230 (base 4) to base 8
-1254
Convert e8 (base 16) to base 2.
11101000
-24ac (base 14) to base 3
-22210221
61a4 (base 12) to base 4
2212030
Convert -eb (base 16) to base 10.
-235
Convert 41522 (base 9) to base 10.
27398
What is -516 (base 16) in base 8?
-2426
What is 37663 (base 9) in base 14?
9333
-251 (base 7) to base 13
-a4
11113 (base 8) to base 2
1001001001011
Convert 2eaa (base 16) to base 9.
17343
1000213 (base 4) to base 3
12200011
Convert 9320 (base 11) to base 8.
30114
What is 1044303 (base 5) in base 16?
490f
Convert 1a9 (base 12) to base 11.
229
Convert -289 (base 16) to base 5.
-10044
What is 3308 (base 10) in base 8?
6354
What is 50213 (base 7) in base 11?
9112
What is 31d8 (base 14) in base 2?
10000110101010
-1238 (base 10) to base 5
-14423
What is 3e4 (base 15) in base 7?
2410
14a0 (base 15) to base 13
2025
Convert 12617 (base 8) to base 13.
2687
982 (base 10) to base 15
457
Convert 13030 (base 4) to base 2.
111001100
146 (base 8) to base 15
6c
What is 120200 (base 4) in base 5?
22233
Convert 22201 (base 3) to base 15.
10a
-3b1 (base 14) to base 9
-1015
362 (base 11) to base 3
120222
Convert -100240 (base 7) to base 2.
-100001000100101
655a (base 12) to base 15
348d
Convert -210 (base 5) to base 14.
-3d
158a7 (base 12) to base 16
77bf
What is 445050 (base 7) in base 2?
10011001011110110
What is -27c8 (base 15) in base 2?
-10000101000001
What is 1011300 (base 6) in base 13?
18c87
What is 1021000 (base 3) in base 12?
646
What is 8351 (base 10) in base 15?
271b
3f1 (base 16) to base 5
13014
4352 (base 15) to base 16
37ac
What is -12ac (base 13) in base 12?
-1671
Convert 4665 (base 10) to base 13.
217b
-1c38 (base 15) to base 11
-4671
Convert 580 (base 14) to base 12.
770
-4d9 (base 15) to base 13
-66c
Convert ad2 (base 14) to base 15.
97e
Convert 11140 (base 5) to base 12.
563
What is -344 (base 7) in base 2?
-10110011
212403 (base 5) to base 6
53244
What is -44112 (base 6) in base 4?
-1133030
39133 (base 10) to base 14
10393
Convert 310302 (base 6) to base 7.
132053
Convert -5233 (base 16) to base 4.
-11020303
Convert 100011110111 (base 2) to base 3.
10011000
-76240 (base 9) to base 3
-2120021100
What is 3232 (base 5) in base 9?
541
Convert 950 (base 12) to base 4.
111030
Convert 413 (base 13) to base 15.
312
What is -265 (base 12) in base 4?
-11231
Convert 473 (base 13) to base 14.
3d0
-11214 (base 5) to base 12
-575
-1110011111 (base 2) to base 7
-2463
-5703 (base 8) to base 2
-101111000011
7266 (base 8) to base 3
12011111
22382 (base 10) to base 16
576e
Convert -1330 (base 6) to base 4.
-11112
-3160 (base 13) to base 7
-25636
-2216 (base 7) to base 9
-1075
-21e (base 15) to base 13
-2ab
Convert -1c948 (base 13) to base 10.
-56506
Convert -1001100101001001 (base 2) to base 13.
-14b27
What is 3480 (base 10) in base 8?
6630
-2b0 (base 16) to base 2
-1010110000
-35735 (base 9) to base 4
-11311313
Convert 4403 (base 7) to base 16.
623
-2300 (base 5) to base 13
-1c0
-13d1 (base 15) to base 8
-10226
What is 1c38 (base 15) in base 9?
8358
What is -5b4c (base 13) in base 7?
-52430
1b84c (base 14) to base 11
48851
What is 2020003 (base 4) in base 14?
325d
What is a7a0 (base 12) in base 5?
1042113
-c29 (base 15) to base 8
-5263
What is -be7e (base 16) in base 11?
-33703
What is 369 (base 14) in base 2?
1010101001
-136 (base 14) to base 13
-15a
What is -4310 (base 10) in base 5?
-114220
Convert -25104 (base 6) to base 9.
-5074
100000101110 (base 2) to base 5
31334
Convert -9062 (base 10) to base 6.
-105542
What is -1db0 (base 16) in base 4?
-1312300
Convert -27591 (base 11) to base 12.
-1a8b4
What is -313400 (base 6) in base 13?
-b751
What is -b94a (base 12) in base 4?
-10332022
30303 (base 5) to base 12
1169
Convert 764 (base 14) to base 6.
10432
What is -17949 (base 10) in base 15?
-54b9
What is -3461 (base 7) in base 9?
-1658
What is -1554 (base 6) in base 11?
-361
Convert 1017 (base 12) to base 10.
1747
Convert 213 (base 5) to base 7.
112
2014 (base 7) to base 14
37b
-10400 (base 5) to base 7
-2054
501 (base 13) to base 4
31032
4050 (base 8) to base 9
2770
-103254 (base 6) to base 5
-233110
-200002 (base 3) to base 14
-26c
Convert -bc5a (base 14) to base 7.
-164043
-133430 (base 5) to base 16
-1572
What is -1795 (base 10) in base 4?
-130003
12102120 (base 3) to base 16
f75
1547 (base 8) to base 2
1101100111
Convert -2210121200 (base 3) to base 6.
-1103113
-3690 (base 10) to base 15
-1160
Convert c346 (base 15) to base 16.
a119
What is 303 (base 7) in base 13?
b7
316 (base 10) to base 6
1244
1020002 (base 3) to base 12
625
What is -243 (base 10) in base 7?
-465
What is -1d4 (base 14) in base 16?
-17e
What is 2000141 (base 5) in base 14?
b596
Convert 572 (base 14) to base 15.
4c0
2026 (base 11) to base 10
2690
Convert d2e2 (base 15) to base 13.
1736c
a056 (base 11) to base 7
53661
Convert 38aa (base 12) to base 13.
2c35
712 (base 10) to base 13
42a
-990 (base 12) to base 10
-1404
2543 (base 8) to base 15
61e
What is 550 (base 7) in base 8?
430
What is -5088 (base 9) in base 14?
-1501
What is 21234 (base 5) in base 11?
10a3
-22233 (base 4) to base 13
-40b
What is -ccf0 (base 16) in base 15?
-10829
-343 (base 6) to base 4
-2013
123444 (base 5) to base 2
1001100001010
Convert -53353 (base 6) to base 16.
-1c65
What is 2221210 (base 3) in base 7?
6165
Convert -314 (base 16) to base 6.
-3352
Convert 3301020 (base 4) to base 10.
15432
Convert -502 (base 9) to base 13.
-254
Convert 15378 (base 11) to base 14.
7cd2
What is 668 (base 10) in base 8?
1234
-373 (base 10) to base 3
-111211
What is aa8 (base 13) in base 15?
81d
Convert -2220143 (base 5) to base 4.
-21132032
2676 (base 15) to base 12
4903
Convert 1013201 (base 4) to base 9.
6245
Convert d (base 14) to base 9.
14
What is 97 (base 10) in base 9?
117